 81 and y.
27
Let i be (16/10)/((-8)/(-60)). Let j be (228/(-19))/(2/(-18)). Calculate the greatest common divisor of i and j.
12
Suppose 21*d - 112 = 770. What is the highest common divisor of 210 and d?
42
Suppose u + 3*u + y = 667, 2*u - 361 = 5*y. Calculate the highest common factor of u and 56.
56
Let k(m) = m. Let q be k(-6). Let s = 8 + q. Let b be (6/s)/(4/16). Calculate the highest common divisor of b and 84.
12
Let f = 0 + 0. Suppose 2*l + 35 = 3*r - 4, 4*r + 3*l - 35 = f. Calculate the highest common factor of 99 and r.
11
Let o = -18 + 81. What is the greatest common factor of 7 and o?
7
Let g(s) = -15*s + 70. Let z be g(-11). Calculate the greatest common factor of z and 94.
47
Let a = 18 - -15. Calculate the highest common factor of 165 and a.
33
Let f be 32 - -1 - (4 - 1). Let n be (1/(-3))/(2/f). Let g(o) = o**2 + 2*o - 1. Let c be g(n). Calculate the highest common divisor of c and 154.
14
Let b = 46 + -11. Calculate the highest common factor of 5 and b.
5
Let v(n) = -4*n + 7. Let c be v(-8). Suppose -2*w = -5*w + c. What is the greatest common divisor of w and 104?
13
Suppose -96 = -6*o + 2*o. Suppose g + 3*g = o. What is the highest common divisor of g and 66?
6
Suppose 0 = o - 2*o + 7. Calculate the highest common divisor of 28 and o.
7
Let n = -12 - -22. Let v(w) = -w**2 + w + 6. Let z be v(0). Suppose 2*s = z*s - 100. Calculate the highest common factor of n and s.
5
Suppose 0 = -5*k + m + 143, 2*m - 149 = -2*k - 3*k. What is the highest common divisor of k and 116?
29
Let s(k) = -11*k + 5. Let i be s(-5). Suppose 5*m + 3*r = -120, 2*m + 4*r + 48 = -r. Let f = 36 + m. What is the greatest common factor of f and i?
12
Let x = -29 + 21. Let s be ((-10)/x)/(2/8). Let g = -58 - -63. What is the highest common factor of s and g?
5
Suppose -3*c + 70 = -2*c. Calculate the highest common factor of 10 and c.
10
Let b(n) = 2*n + 3. Let k = 3 + -5. Let x be b(k). Let s be (x - -6 - 1)*20. Calculate the greatest common divisor of 32 and s.
16
Let v(l) be the first derivative of l**2/2 + l + 2. Let q be v(0). What is the highest common factor of 8 and q?
1
Let i = 3 - -16. What is the highest common factor of 171 and i?
19
Let f = 135 + -96. Suppose -f = -a + 10. Suppose 7*i = 4*m + 4*i - 213, m = 5*i + a. Calculate the highest common divisor of 36 and m.
18
Let h = 23 - 9. Let u(x) = -x**3 - 4*x**2 - 5*x - 6. Let l be u(-4). What is the highest common factor of h and l?
14
Let w be (-1)/(-2) + (-23)/(-2). Suppose -48 = -91*b + 90*b. Calculate the greatest common factor of w and b.
12
Suppose 22*j - 483 - 309 = 0. What is the greatest common divisor of 396 and j?
36
Suppose -4*p - n + 328 = 3*n, -3*n - 144 = -2*p. Calculate the greatest common divisor of p and 6.
6
Let k be ((0 - 4) + 1)*-1*52. Calculate the greatest common divisor of 12 and k.
12
Let l(i) = i**3 - i + 10. Let j be l(0). Let x(z) = -z**3 - 4*z**2 + 5*z + 2. Let v be x(-5). What is the highest common factor of v and j?
2
Let j = -18 - -26. What is the greatest common factor of 40 and j?
8
Let a be (15/4)/(2/(-8)). Let o be 2/5 + (-24)/a. Suppose 4 + 0 = 2*c. Calculate the greatest common factor of c and o.
2
Suppose 0 = 3*j - 34 + 4. Suppose 14 + 23 = 2*n - q, -5*n - 4*q = -112. What is the highest common factor of n and j?
10
Suppose -3*j + 26 = -4*o - 13, 5*o + 20 = -2*j. Let p = o + 8. Suppose 43 = p*a + 7. What is the highest common factor of 12 and a?
6
Suppose 2*p + 2 = -16. Let k be (24/p)/(6/(-27)). What is the greatest common divisor of 132 and k?
12
Suppose 2*i - 6*i = -96. What is the highest common factor of i and 3?
3
Let x(r) = r + 20. Let a be x(0). What is the highest common factor of 5 and a?
5
Let u(s) = -s**3 - 3*s**2 + 9*s + 7. Suppose 2*i = -4 - 8. Let d be u(i). Suppose 3*b - d - 29 = 0. What is the greatest common factor of b and 3?
3
Suppose 0 = -0*u + 4*u. Suppose u*x = -x + 18. What is the greatest common factor of x and 12?
6
Let x(f) = f**3 + 5*f**2 + 5*f + 4. Let r be x(-4). Let j be r + 0 - (-5 + 0). Suppose 6*z - 76 = -16. Calculate the highest common divisor of z and j.
5
Let y = 50 - 36. Suppose 2*k - 239 - 1617 = 0. Let g be (-2)/3 - k/(-6). What is the highest common divisor of y and g?
14
Let r(d) = d**3 - 2*d**2 - 10*d + 2. Let a be r(8). What is the greatest common divisor of a and 34?
34
Let d(f) be the second derivative of f**5/20 + f**4 - 5*f**3/2 - 11*f**2/2 - 5*f. Let o be d(-11). What is the highest common factor of o and 25?
25
Let i(g) be the first derivative of g**3/3 - g**2 - 7*g + 3. Let k be i(-5). Suppose -3*a = -48 - 78. What is the greatest common factor of a and k?
14
Let z be (-2)/(0 - (-1)/(-33)). Let i = 5 - 3. Let m be 8 - ((1 - 1) + i). Calculate the greatest common factor of z and m.
6
Suppose -d - 3 = -1. Let q be 0/2 - 10/d. What is the highest common factor of q and 2?
1
Let w(f) be the second derivative of -f**4/12 + f**3/6 + 5*f**2 - 4*f. Let l be w(0). What is the highest common divisor of 10 and l?
10
Let w be (-3)/((-12)/16 + 0). Let j = w + 28. What is the highest common divisor of 8 and j?
8
Let i = -211 + 334. Calculate the highest common divisor of 82 and i.
41
Let a(j) = j**2 + 12*j - 10. Let r be a(-14). Suppose r = -4*n + 5*n. Calculate the greatest common factor of 162 and n.
18
Let w(f) = 14*f**3 + 3*f**2 + f - 2. Let o(u) = u. Let c be o(3). Let b be w(c). Let g = b + -280. Calculate the greatest common divisor of 18 and g.
18
Let i = -2 + 4. Suppose 3*b = 3*n - 18, -33 = -6*n + n + i*b. What is the greatest common divisor of n and 56?
7
Let p be 4/6*9*24. Calculate the highest common divisor of p and 18.
18
Suppose 4*d - 58 = -6*c + 4*c, 85 = 5*d + 5*c. Let v(r) = 8*r. Let x be v(1). What is the greatest common factor of d and x?
4
Suppose 0 = 3*c - 129 - 69. Suppose -3*k = -49 - 83. What is the greatest common divisor of k and c?
22
Suppose r - 2*y = 6, 4*y + 15 + 11 = 3*r. What is the highest common factor of 98 and r?
14
Let a(q) = q**3 - 7*q**2 + 8*q + 13. Let w be a(7). Calculate the greatest common factor of w and 23.
23
Let f = 34 + -14. What is the highest common factor of f and 180?
20
Let h = 9 - 6. Let a(k) = k**3 + 27*k**2 + k + 54. Let w be a(-27). Calculate the highest common factor of w and h.
3
Suppose 2 + 123 = b. Suppose -4*p + b = p. Suppose 8 = -s - 3*o + p, 3*s - o = 101. Calculate the highest common factor of 4 and s.
4
Let u(s) = -s**2 - 13*s - 6. Let n be u(-11). Let b be 4/18 - n/(-9). Calculate the greatest common factor of b and 5.
1
Let v(f) = -f**2 + 2*f + 1. Let n be v(-1). Let o be 55/(1 - (n + 2)). Calculate the greatest common factor of 11 and o.
11
Let b = 3 + 1. Let i(l) = 10*l + 2. Let w be i(b). Suppose 3*r - 126 = -5*t, -3*r = -2*r - 3*t - w. Calculate the greatest common divisor of r and 28.
14
Suppose 0 = -4*z - 4*n + 812, 0*n + n = 4. Let h be z + (1 - 2) + 0. What is the highest common divisor of h and 18?
18
Suppose 1 = -j - 5. Let p(d) = -d**2 + 9*d + 10. Let t(s) = 1. Let v(k) = j*t(k) + p(k). Let r be v(8). Calculate the highest common divisor of 4 and r.
4
Let c(b) = 2*b**2 + 2*b - 2. Let w be c(-2). Let m be (2/w)/(2/50). Suppose 0 = -4*t + 299 + m. What is the highest common factor of t and 9?
9
Suppose -p = -m - 3*m + 214, m - 59 = 3*p. Suppose 3*r - m - 13 = 0. What is the highest common factor of 55 and r?
11
Suppose 3*k - 8*k + 20 = 0. Let p = k + -4. Suppose p = 5*o - 4*r - 0*r - 27, 2*r + 24 = 4*o. What is the greatest common factor of 14 and o?
7
Let r = -223 - -329. Calculate the greatest common factor of r and 53.
53
Let b(d) = 5*d**3 - 2*d. Let w be b(2). What is the highest common factor of 9 and w?
9
Suppose 0*g + g - 18 = 0. What is the greatest common divisor of g and 6?
6
Let d = -216 + 242. Suppose 11 = f - 2. What is the highest common divisor of f and d?
13
Suppose 5*y - 27 = 2*y. Let t = -4 - -6. Let u be 84 - t - (-2 - -3). What is the highest common factor of u and y?
9
Let g(h) = -h**3 - 7*h**2 - h - 3. Let i be g(-7). Let t(z) = 27*z + 4. Let w be t(i). Calculate the greatest common factor of 14 and w.
14
Suppose -6 = -2*m + 18. Let x(r) = 2*r**2 + 1. Let h be x(-1). Suppose 98 + 82 = h*o. What is the greatest common factor of m and o?
12
Let v = 4 - -6. What is the greatest common factor of 40 and v?
10
Let c = 19 